 -106. Suppose r = 5*o - n, 2*n - 68 = -5*o - 2*n. Suppose -o = -u + 17. Is u a multiple of 6?
False
Is 63 a factor of 11622 + 28 + 15 + -17?
False
Let p = 11574 + -10994. Does 4 divide p?
True
Let k(t) = -513*t + 1365. Is k(-6) a multiple of 85?
False
Let f be ((-60)/(-18) + (-4 - -1))*15. Suppose 0 = -f*c + 17*c - 252. Does 15 divide c?
False
Let l be 0 - ((-6 - -6) + -3). Suppose -l*o + 644 = 5*g, 3*g + 4*o - 512 = -g. Does 12 divide g?
False
Let j(n) = -2*n**3 - 22*n**2 - 79*n - 16. Is 15 a factor of j(-24)?
False
Does 46 divide 6 + -7 - (-1)/(6/690)?
False
Suppose -41607 = -v + 5*t, 3878*v + 2*t + 208150 = 3883*v. Is 140 a factor of v?
False
Let v(m) = -m**3 + 5*m**2 - 2*m + 10. Let x be v(5). Suppose 2*w + w - 6 = x. Suppose 0 = -c - 4*r + 129, -6*c + w*c - 5*r + 472 = 0. Is c a multiple of 17?
False
Let w be ((-3)/(-9) - (-4503)/(-9))/(-1). Suppose -n = -5*y - w, 11*y + 491 = n + 15*y. Is 55 a factor of n?
True
Let o be -2 + 0 + (67 - (-7 - -6)). Suppose -f - 3*y + o = -0*f, -f + 5*y + 82 = 0. Does 36 divide f?
True
Let w = 3140 + -2147. Suppose 5*b - 1080 = -3*i + w, -b - 2*i = -416. Is 9 a factor of b?
True
Let g be ((-3)/9*3)/((-5)/1210). Let t = 381 - g. Does 9 divide t?
False
Suppose 146 - 144 = 2*o, -2*a + 80 = -2*o. Suppose 0 = -5*j + 5*i + 85, -j + 5*i + 37 = j. Suppose -3*l + a = -j. Is l a multiple of 4?
False
Suppose 0 = 4*q - 2*x - 5360, -39*q + 40*q - 1354 = -3*x. Does 6 divide q?
False
Let s(h) = -h**3 - 9*h**2 + 2*h**3 + 0*h**3 - 1 - 8*h - 19. Let b be s(10). Is 9 a factor of (b + 2)/((-128)/(-63) + -2)?
True
Suppose j - 36 = -3*j - 3*x, 0 = 2*j - x - 8. Suppose -8*u + 96 = -j*u. Does 12 divide (-1)/((-148)/u + 3)?
True
Let y(r) = 2*r**2 - 45*r - 33. Suppose 9*i - 85 = 158. Is 10 a factor of y(i)?
True
Is 51 a factor of 137673/18 + 4/12*(-18)/(-4)?
True
Suppose -4*x - 2*m - 1254 = 0, 2*m - 1266 = 2*x + 2*x. Let g = -201 - x. Suppose 115*b - g*b = 58. Is b a multiple of 12?
False
Let x(z) = 16*z**3 + 15*z**2 - 12*z + 20. Let j(c) = 5*c**3 + 5*c**2 - 4*c + 7. Let w(r) = -7*j(r) + 2*x(r). Let l = -7991 - -7986. Is 13 a factor of w(l)?
True
Suppose -1 - 5 = -2*c. Suppose -5*q - c*t = -130 + 11, -4*q - t = -91. Let m = q - -29. Is 6 a factor of m?
False
Suppose 0 = 15*p - 2535 + 795. Suppose 3*z = 412 + p. Is 16 a factor of z?
True
Let k be (-26)/10 + 20/(-50). Is (-8320)/(-78) - 4/k a multiple of 12?
True
Let r(f) = -f**3 - 5*f**2 - 3*f - 10. Let l be r(-5). Let z be ((-2)/l)/((-3)/75). Suppose -602 = 3*q - z*q. Does 43 divide q?
True
Let s be -3*35/(-45)*(-120)/(-8). Let t(k) = -k**2 + 48*k + 77. Is 14 a factor of t(s)?
True
Suppose 788 + 1684 = 4*u - 4*q, 0 = 5*u - 3*q - 3094. Does 10 divide u?
True
Let b = -1037 - -1035. Let v(i) be the second derivative of 3*i**4/4 - i**3/6 - 3*i**2 + 2*i. Is 32 a factor of v(b)?
True
Let g = -66 + 52. Let n be 14559/161 + (-8)/g. Let l = 237 + n. Is 41 a factor of l?
True
Is (524/6)/((-137)/(-27537)) a multiple of 67?
True
Let d(c) = 514*c + 1. Let l be d(1). Let t = -90 + -209. Let z = t + l. Does 24 divide z?
True
Let o be 31*-15*(-6)/9. Suppose -18*c = -13*c - o. Let z = c - 51. Is 11 a factor of z?
True
Let x = 2399 - -3478. Is x a multiple of 9?
True
Suppose -3*c = 3*z - 0*c - 84, -5*c - 16 = -z. Suppose -z*l = -13*l - 10088. Does 25 divide l?
False
Suppose 7*n + 3*n = 590. Let g = n - 46. Suppose -74 = -15*v + g*v. Is v a multiple of 8?
False
Let b = -500 + 535. Suppose -l - n = -78, b*n = 36*n - 5. Does 20 divide l?
False
Suppose 3*c - 13*c + 60 = 0. Does 8 divide (c/(-3))/(4/(-32))?
True
Let v = -3879 + 17054. Is v a multiple of 67?
False
Let a(b) = -341*b - 176. Is 55 a factor of a(-11)?
True
Let g(m) = 466*m**3 + 3*m**2 - 30*m + 92. Is g(4) a multiple of 226?
False
Let t = 16535 - 11031. Is t a multiple of 34?
False
Let c(f) = 41*f - 73. Let l be c(-6). Let z = -258 - l. Is 17 a factor of z?
False
Is 184*1020/160*((-28)/(-3) - 0) a multiple of 14?
True
Let g be (2/(-6))/(-1 - (-60)/63). Suppose 32 - 620 = -g*s. Does 14 divide s?
True
Is 50 a factor of (-4*5/(-15))/(4/6558)?
False
Suppose 2*u - 2 = 0, -z = z + u - 4177. Does 87 divide z?
True
Let x(f) be the first derivative of -f**4/4 - f**3 - 7*f**2/2 + 5*f + 122. Suppose 0 = 4*a + 38 - 10. Is 9 a factor of x(a)?
False
Let d(n) = 14*n**2 + 10*n + 52. Let y be d(-8). Does 6 divide (-9)/(-12)*y/31?
False
Let r be 56/308 - 14328/33. Let c = r + 910. Is 28 a factor of c?
True
Suppose -b - 2 = -4. Suppose -b*s + 132 = s. Suppose -2*t = -204 + s. Does 16 divide t?
True
Let v(t) = t + 23. Let w = 46 + -45. Suppose 3*d + 4*i + w = -5, d + 15 = 3*i. Is 3 a factor of v(d)?
False
Let s = 2 - -2. Let d(v) = -3*v**3 - 2*v**2 + s*v**3 - 5*v**2 - 5*v**2 - 14 + 14*v. Does 19 divide d(11)?
True
Suppose -332 = -3*l + l. Let d = 275 - l. Suppose 5 = t - d. Is 38 a factor of t?
True
Let z = -1595 + 1540. Let u be (-1)/(1 + (-120)/122). Let k = z - u. Is 4 a factor of k?
False
Let a = -165 + 421. Let t = -79 + a. Suppose t*w = 173*w + 204. Is w a multiple of 8?
False
Suppose 7 = 5*m - 23. Suppose 21*h - 23*h + m = 0. Does 3 divide h?
True
Let i(y) = -y**2 - 20*y - 35. Let d be i(-15). Suppose -522 = -d*c + 19638. Is 9 a factor of c?
True
Let l = -9 - -14. Suppose 3*d = -h + 11 + l, -5*h = 5*d - 50. Does 6 divide h?
False
Let s(y) = 1215*y**2 + 378*y - 1. Is s(1) a multiple of 8?
True
Let n be (2 + -6)*2/(-8). Let y be (-90)/(-21) + n/14*-4. Suppose 5*h - y*q = 506, 3*q - 207 = 2*h - 4*h. Is h a multiple of 17?
True
Is 316700/85 - 36/(-306) a multiple of 23?
True
Let f = -37559 - -38532. Does 2 divide f?
False
Let i(y) = -y**3 - 3 + 3*y**3 - y + 7*y + y**3 + 8*y**2. Let v(s) = -10*s**3 - 24*s**2 - 19*s + 9. Let k(m) = 7*i(m) + 2*v(m). Is k(-6) a multiple of 15?
True
Let x(u) = 22*u**2 + 42*u + 1046. Is 15 a factor of x(-19)?
True
Let v(h) = -8*h**3 - 238*h**2 - 97*h + 97. Is 153 a factor of v(-30)?
False
Suppose 1120*f = 1080*f + 1861800. Is 321 a factor of f?
True
Let m(k) = 56*k + 8. Let p(j) = -j**3 + 2*j**2 + 6*j + 10. Let u be p(4). Is m(u) a multiple of 29?
False
Suppose 5*h - 15*h = 35*h - 316710. Is 17 a factor of h?
True
Let h = 355 + 965. Does 60 divide h?
True
Suppose 2*l + o + 10 = 0, o = l + 3*l + 26. Does 3 divide (63/6 + -4)*(l + 10)?
False
Suppose 3*s + 6899 = 5*z - 2070, s - 8957 = -5*z. Is z a multiple of 14?
True
Let s = -4 + 10. Let v(h) = -2*h + 106 + 0*h - 118 + 2*h**2. Is v(s) a multiple of 6?
True
Suppose 4*j = 2*x + x + 133, 3*j - 84 = -3*x. Suppose -m = -4*p - 12, -2*m + j = -2*p + 1. Suppose -48 = -3*b - n, 2*b + m = 3*b - n. Is b a multiple of 16?
True
Suppose 4*y - s - 9 = -0*y, s = 2*y - 3. Suppose 0 = -3*q + y*j + 15, q = 3*j - 7*j - 5. Suppose 0 = -4*i - q*p + 678, -2*i + 170 = -i + p. Does 21 divide i?
True
Let p(a) be the third derivative of -a**6/120 + 13*a**5/60 - 5*a**4/24 - 37*a**3/3 + 92*a**2. Is 5 a factor of p(9)?
True
Suppose -2*l - 5304 = -2*m, m + 3*l = 237 + 2407. Is 53 a factor of m?
True
Suppose -7 = -n, 3*w - 6361 = 3*n + 12329. Is 8 a factor of w?
False
Let m be 6 + -12 + (2 - -7). Suppose 2*n + 10003 - 3789 = m*t, -4*n - 4156 = -2*t. Is t a multiple of 47?
True
Let f be (-2 - 41)/1 - -3. Suppose -3*y = y + 2*m - 6, 3*m = -3. Is (9/(-12))/(y/f) a multiple of 2?
False
Suppose -655086 = -63*r - 120320 + 346667. Does 18 divide r?
False
Suppose 0 = 16*d + 1147 - 7931. Let b = d - 54. Is 8 a factor of b?
False
Let m be 1*(6*-29 - -1). Let n = m - -217. Is 11 a factor of n?
True
Is 6690870/945 + (9/42)/((-9)/12) a multiple of 8?
True
Let m = 631 + 1496. Is 28 a factor of m?
False
Suppose -1636 = -2*m + 2*v, 5*m - 6*m - 2*v = -827. Suppose 0 = 2*f - 3*s - 2*s - 529, -3*f + 2*s = -m. Is f a multiple of 23?
False
Let x(m) = 12*m - 78. Let g(v) = -v. Let h(c) = -9*g(c) - x(c). Does 5 divide h(16)?
True
Is 9 a factor of 11255 - ((-3 - -2)*6 + 2)?
True
Let j = -20657 - -29864. Suppose 7*k - j = 166. Does 61 divide k?
False
Let u(n) = -741*n - 10759. Is u(-36) a multiple of 45?
False
Is -5301*(4/(-12) - 2/2) a multiple of 13?
False
Let c = -4151 - -13337. Is c a multiple of 49?
False
Let l = 1349 + 2984. Does 70 divide l?
False
Suppose -2*s + 64 = -4*f, 153 = 4*s - 0*s - 3*f. Let l = s + 40. Let y = -39 + l. Is 25 a factor of y?
False
Let n = 84 - 71. Suppose 8 = 5*o + n. Is (o + 18 + -2)/(-2 + 3) a multiple